x**2 + 12*x + 17. Give q(13).
4
Let k(g) = 10*g + 154. Calculate k(-25).
-96
Let c(l) = -3*l**2 - 4*l - 6. Calculate c(-4).
-38
Let h(u) = u**3 - 32*u**2 + u - 45. Give h(32).
-13
Let b(z) = z**3 + 9*z**2 - 2*z - 13. What is b(-9)?
5
Let f(g) = -g**3 + 17*g**2 - 16*g + 8. What is f(16)?
8
Let c(o) = o - 12. Give c(10).
-2
Let l(j) = j**2 + 13*j + 1. Give l(-11).
-21
Let z(j) = -2*j**2 - 12*j + 43. Give z(-12).
-101
Let o(w) = w**3 - 6*w**2 + 3*w + 4. Determine o(6).
22
Let j(q) = q**3 + 6*q**2 + 4*q - 3. Give j(-4).
13
Let o(u) = -u**3 - 4*u**2 - u + 1. What is o(-3)?
-5
Let f(h) = -h - 16. Determine f(19).
-35
Let y(v) = 2*v - 17. What is y(6)?
-5
Let z(f) = 4*f**2 + 32*f - 34. Calculate z(-9).
2
Let h(r) = -4*r + 12. Calculate h(5).
-8
Let r(c) = 12*c - 484. What is r(40)?
-4
Let d(a) = -a**3 - 7*a**2 + 19*a + 15. Calculate d(-8).
-73
Let b(s) = 4*s**2 + 1. What is b(1)?
5
Let d(c) = -58*c - 165. Give d(-3).
9
Let d(l) = -2*l - 107. Give d(-24).
-59
Let k(d) = -d**2 - 17*d - 48. What is k(-10)?
22
Let q(u) = -33*u + 16. What is q(2)?
-50
Let j(h) = 2*h**3 + 6*h**2 + 2*h - 16. Determine j(-4).
-56
Let f(o) = o + 12. Determine f(0).
12
Let j(d) = 2*d**2 + 9*d - 7. Calculate j(-6).
11
Let g(q) = -q**3 + 5*q**2 + 82*q - 21. Determine g(-7).
-7
Let g(t) = -2*t**2 + 24*t + 35. Give g(14).
-21
Let i(p) = -p**2 - 45*p - 129. What is i(-42)?
-3
Let f(i) = -i - 1. What is f(2)?
-3
Let l(k) = -k**3 - 4*k**2 + 2*k + 2. Calculate l(3).
-55
Let l(o) = o**2 - o - 15. Determine l(0).
-15
Let w(l) = -2*l**2 + 9*l + 5. What is w(5)?
0
Let x(w) = w**2 + 24*w + 31. Calculate x(-21).
-32
Let t(h) = -2*h**2 - 26*h - 11. Determine t(-10).
49
Let m(a) = 18*a**2 - a. Give m(1).
17
Let n(t) = 11*t + 1. Give n(-1).
-10
Let u(w) = w**3 + 2*w**2 + 8*w. What is u(0)?
0
Let m(c) = -c**3 + 17*c**2 - 30*c - 5. Give m(15).
-5
Let g(j) = 2*j**3 + 23*j**2 + 7*j - 46. Determine g(-11).
-2
Let g(l) = 9*l + 43. Calculate g(-6).
-11
Let b(n) = -6*n**3 - n + 1. Determine b(-2).
51
Let h(m) = -6*m + 67. What is h(13)?
-11
Let r(b) = 63*b + 243. Give r(-4).
-9
Let d(o) = -o**2 - 2*o + 45. Calculate d(-7).
10
Let x(f) = f**3 + 5*f**2 - 19*f - 87. Give x(-6).
-9
Let p(s) = s**2 - 20*s - 77. Determine p(21).
-56
Let q(l) = l**2 + 25*l - 65. Give q(-27).
-11
Let q(z) = -z**3 + 6*z**2 - 8*z + 8. Give q(5).
-7
Let v(w) = -w**2 + 2*w + 10. Determine v(0).
10
Let h(r) = 4*r - 28. Give h(12).
20
Let q(m) = -m**2 + 9*m + 26. What is q(10)?
16
Let u(f) = -f**3 - 28*f**2 + 30*f - 62. Give u(-29).
-91
Let h(w) = w**3 + 8*w**2 + 2*w + 9. Give h(-8).
-7
Let k(o) = -3*o**3 + 9*o**2 + 5*o + 5. What is k(4)?
-23
Let h(d) = -d**3 + 11*d**2 - 10*d - 13. Give h(10).
-13
Let g(b) = -b + 3. Give g(5).
-2
Let j(y) = y**3 - 3*y**2 + 4*y - 7. Calculate j(2).
-3
Let d(f) = 2*f**2 - 13*f + 23. Give d(4).
3
Let i(n) = 2*n**2 - 6*n - 7. What is i(-2)?
13
Let x(m) = -m**2 - 98*m - 1245. What is x(-15)?
0
Let t(v) = -v**3 - v**2 + v - 1. What is t(-2)?
1
Let r(g) = -g**3 - 4*g**2 - g. Calculate r(-5).
30
Let t(x) = -x**3 + 7*x**2 - 6*x + 4. Determine t(6).
4
Let d(k) = 8*k + 15. Determine d(2).
31
Let y(r) = -r + 12. What is y(16)?
-4
Let k(i) = -11*i + 26. Determine k(7).
-51
Let k(t) = 96*t + 959. Give k(-10).
-1
Let h(d) = -d + 1. What is h(-8)?
9
Let a(s) = 2*s**2 + 34*s + 142. Calculate a(-7).
2
Let g(p) = p**2 + 3*p - 2. Determine g(1).
2
Let q(i) = -2*i + 17. Determine q(6).
5
Let y(h) = -h**2 + 11*h + 45. Determine y(16).
-35
Let u(a) = a**3 + a**2 - 15*a + 2. Determine u(-4).
14
Let i(q) = 53*q**2 - q - 1. Calculate i(-1).
53
Let t(z) = 6*z - 7. Calculate t(5).
23
Let x(j) = 16*j - 13. Give x(3).
35
Let m(j) = -j**2 + 6*j + 42. Give m(10).
2
Let y(x) = x**3 - 12*x**2 + 5. Determine y(12).
5
Let p(c) = -7*c + 11. Determine p(6).
-31
Let b(s) = 3*s - 61. Determine b(15).
-16
Let g(t) = t + 9. Calculate g(-9).
0
Let w(h) = 2*h**2 + 5*h - 4. Give w(-4).
8
Let y(h) = -h**3 + 6*h**2 - 6*h - 5. What is y(4)?
3
Let w(p) = -2*p + 1. What is w(2)?
-3
Let d(u) = -u**2 + 8*u - 7. What is d(6)?
5
Let w(l) = -l**2 + 3*l + 2. What is w(-2)?
-8
Let w(o) = o**3 - 3*o**2 - 6*o - 5. Calculate w(5).
15
Let m(o) = 4*o + 88. Determine m(-21).
4
Let w(g) = -79*g + 79. Calculate w(1).
0
Let w(s) = -s**3 + 8*s + 9. Give w(-4).
41
Let i(d) = -d**2 + 2*d - 9. What is i(3)?
-12
Let a(r) = r**2 + 21*r - 30. Calculate a(-14).
-128
Let b(o) = 3*o + 6. Calculate b(-6).
-12
Let h(a) = -a - 62. What is h(-13)?
-49
Let a(n) = -n**3 - 7*n**2 + 2*n - 2. Give a(-7).
-16
Let a(k) = k**3 - 20*k**2 - 71*k + 56. Calculate a(23).
10
Let m(r) = -29*r + 183. What is m(6)?
9
Let s(x) = -5*x + 93. Determine s(19).
-2
Let c(d) = -3*d**2 + 12*d - 13. Calculate c(1).
-4
Let r(u) = 3*u**3 + 2*u. Give r(-2).
-28
Let i(o) = 28*o - 11. Calculate i(-1).
-39
Let h(z) = 7*z**2 - z - 1. Give h(1).
5
Let o(v) = 72*v. Calculate o(1).
72
Let g(i) = i**2 + 12. Calculate g(-4).
28
Let o(c) = -c**2 - 11*c - 15. What is o(-10)?
-5
Let v(h) = 13*h + 167. Calculate v(-12).
11
Let u(h) = h**2 + h - 48. What is u(0)?
-48
Let o(a) = -2*a**2 - 9. What is o(0)?
-9
Let a(b) = b**2 - 5*b + 2. What is a(3)?
-4
Let n(d) = -d**3 - 8*d**2 - 21*d - 47. Calculate n(-5).
-17
Let d(g) = -g**2 - 16*g - 16. Determine d(-14).
12
Let q(x) = x**2 - 2*x + 2. Calculate q(-3).
17
Let r(a) = a**3 - a**2 - 11*a + 6. What is r(4)?
10
Let v(s) = 209*s + 413. Calculate v(-2).
-5
Let g(h) = -4*h - 1. What is g(4)?
-17
Let y(f) = f**2 + 20*f - 10. Determine y(-12).
-106
Let k(n) = 4*n + 22. What is k(-6)?
-2
Let j(u) = -2*u + 4. Determine j(-3).
10
Let w(c) = c**2 - 3*c + 6. Determine w(-3).
24
Let s(h) = 6*h - 4. What is s(8)?
44
Let c(f) = -14*f + 83. Determine c(6).
-1
Let x(f) = -4*f + 2. Give x(3).
-10
Let l(c) = c**2 + 4*c - 3. Calculate l(-4).
-3
Let v(r) = r**3 - 25*r**2 + 99*r + 15. What is v(20)?
-5
Let p(l) = l**2 - 6*l - 5. What is p(3)?
-14
Let v(d) = 2*d - 33. Give v(11).
-11
Let g(n) = n**3 + n + 2. Give g(-4).
-66
Let t(r) = -r**3 + 71*r**2 - 72*r + 138. Give t(70).
-2
Let g(c) = -c**3 + 11*c**2 - 8*c - 16. Calculate g(10).
4
Let c(s) = s**3 + 21*s**2 - 2*s - 43. Calculate c(-21).
-1
Let b(a) = a + 16. Determine b(-9).
7
Let h(n) = -n**3 + 5*n**2 - 6*n + 66. Determine h(6).
-6
Let r(d) = d + 1. Give r(-5).
-4
Let a(y) = 19*y - 117. Determine a(7).
16
Let i(f) = f**2 - 16*f + 8. What is i(17)?
25
Let v(s) = -s**2 - 6*s - 5. Determine v(-5).
0
Let f(w) = w**3 + 2*w**2 - 9. Determine f(0).
-9
Let h(a) = 2*a**2 + 4*a + 10. Calculate h(-3).
16
Let v(r) = 3*r - 31. Determine v(6).
-13
Let m(n) = 7*n - 4. What is m(2)?
10
Let i(a) = a**3 + 3*a**2 + a - 15. Give i(0).
-15
Let k(n) = -n**3 - 19*n**2 + 21*n + 35. What is k(-20)?
15
Let n(p) = -p**3 - 5*p**2 + 2*p + 1. What is n(-4)?
-23
Let r(n) = n**3 + 2*n**2 - 11*n - 38. Calculate r(-4).
-26
Let i(u) = 2*u**3 + 8*u**2 - u + 6. Calculate i(-4).
10
Let k(u) = -4*u + 39. Give k(8).
7
Let u(s) = -4*s - 24. Give u(-6).
0
Let l(z) = -z**3 + 7*z**2 - 8*z + 5. Calculate l(7).
-51
Let m(t) = -t. Give m(-7).
7
Let p(g) = g**3 - 4*g**2 + 3*g - 4. Give p(3).
-4
Let c(y) = y**3 + 18*y**2 - 19*y - 12. Determine c(-19).
-12
Let c(k) = -5*k + 7. What is c(-2)?
17
Let d(v) = -v**3 + 4*v + 1. Give d(4).
-47
Let c(p) = -p**3 - 6*p**2 + 21*p + 24. What is c(-8)?
-16
Let z(i) = -i + 1. What is z(-5)?
6
Let l(b) = b**2 - 16*b + 63. Calculate l(10).
3
Let g(s) = 4*s**2 + s - 2. Give g(2).
16
Let d(h) = h**3 + 11*h**2 + h + 15. Calculate d(-11).
4
Let m(x) = x**2 + 13*x - 64. Determine m(-16).
-16
Let v(d) = -d - 10. Give v(-15).
5
Let v(k) = -2*k**2 + 11*k + 6. Determine v(8).
-34
Let v(p) = -p**3 - 6*p**2 - 8*p - 7. Give v(-5).
8
Let p(h) = -h**3 - 16*h**2 + 21*h - 22. Determine p(-17).
-90
Let y(a) = -37*a - 149. Calculate y(-4).
-1
Let a(u) = -4*u - 8. Give a(-3).
4
Let i(y) = 5*y - 9. Calculate i(5).
16
Let z(y) = y**2 + 36*y + 174. What is z(-31)?
19
Let b(s) = -s**3 - 29*s**2 + 63*s + 29. What is b(-31)?
-2
Let v(q) = -2*q**2 - 10*q + 13. What is v(-6)?
1
Let d(h) = -21*h - 112. What is d(-5)?
-7
Let o(z) = 6*z + 91. Calculate o(-19).
-23
Let j(v) = v - 1. Give j(10).
9
Let t(a) = 7*a + 302. Give t(-41).
15
Let o(t) = -t**2 + 12*t - 51. Give o(5).
-16
Let p(s) = 2*s - 13. Calculate p(9).
5
Let c(f) = -6*f - 4. Calculate c(2).
-16
Let a(x) = 6*x**2 - 2*x 